at are the prime factors of 80174209?
2803, 28603
List the prime factors of 34794045.
3, 5, 11, 13, 5407
What are the prime factors of 78251406?
2, 3, 13041901
List the prime factors of 196024932.
2, 3, 239, 22783
What are the prime factors of 2638581154?
2, 11, 119935507
What are the prime factors of 676749364?
2, 457, 370213
List the prime factors of 210810269.
179, 1177711
List the prime factors of 67537320.
2, 3, 5, 139, 4049
List the prime factors of 7350750.
2, 3, 5, 11
List the prime factors of 14106463.
7, 287887
What are the prime factors of 363165949?
103, 3525883
List the prime factors of 251981849.
7, 43, 837149
What are the prime factors of 2553955439?
7, 364850777
What are the prime factors of 3979317785?
5, 795863557
What are the prime factors of 177689803?
43, 83, 49787
What are the prime factors of 2054747794?
2, 11, 829, 112663
What are the prime factors of 47490263?
2797, 16979
What are the prime factors of 134801003?
134801003
List the prime factors of 265649867.
7, 191, 431, 461
What are the prime factors of 746383507?
241, 3097027
What are the prime factors of 421954097?
421954097
What are the prime factors of 210660821?
7, 17, 1770259
What are the prime factors of 53234857?
13, 23, 7741
What are the prime factors of 150767723?
29, 5198887
What are the prime factors of 55245099?
3, 7, 13, 28909
What are the prime factors of 658499095?
5, 197, 668527
What are the prime factors of 254278071?
3, 28253119
List the prime factors of 454272405.
3, 5, 269, 112583
List the prime factors of 30823352.
2, 7, 47, 239
List the prime factors of 1127653090.
2, 5, 10271, 10979
List the prime factors of 77801520.
2, 3, 5, 17, 19069
List the prime factors of 17027479.
7, 61, 39877
What are the prime factors of 19303348?
2, 23, 209819
What are the prime factors of 1846601864?
2, 5923, 38971
List the prime factors of 36923671.
23, 223, 313
List the prime factors of 2283035786.
2, 18869, 60497
What are the prime factors of 58839316?
2, 14709829
What are the prime factors of 2258301005?
5, 451660201
List the prime factors of 195347660.
2, 5, 9767383
List the prime factors of 5357938110.
2, 3, 5, 7, 17, 1500823
What are the prime factors of 54359639?
54359639
What are the prime factors of 103585612?
2, 13, 1992031
What are the prime factors of 84761609?
17, 617, 8081
What are the prime factors of 31089393?
3, 83, 13873
List the prime factors of 70111761.
3, 811, 28817
List the prime factors of 35022694.
2, 7, 443, 5647
What are the prime factors of 1021904722?
2, 1093, 467477
What are the prime factors of 154645178?
2, 77322589
List the prime factors of 97869827.
11, 2797, 3181
List the prime factors of 81117814.
2, 29, 1663
List the prime factors of 1077737079.
3, 43, 8354551
What are the prime factors of 6080087545?
5, 7, 173716787
What are the prime factors of 800127791?
19, 223, 188843
List the prime factors of 180799799.
349, 631, 821
List the prime factors of 2245312.
2, 35083
What are the prime factors of 562583782?
2, 281291891
List the prime factors of 70072773.
3, 73, 319967
List the prime factors of 51265047.
3, 17, 41, 24517
What are the prime factors of 125197454?
2, 6151, 10177
List the prime factors of 115990503.
3, 73, 529637
List the prime factors of 75173405.
5, 17, 19, 89, 523
List the prime factors of 83554188.
2, 3, 6962849
What are the prime factors of 7741589?
1039, 7451
List the prime factors of 2025776045.
5, 405155209
List the prime factors of 446345668.
2, 111586417
What are the prime factors of 237407863?
7, 11, 23, 134053
List the prime factors of 57435011.
317, 181183
List the prime factors of 482270776.
2, 13, 631, 7349
List the prime factors of 69020679.
3, 7, 13, 252823
List the prime factors of 533539661.
533539661
List the prime factors of 476562811.
1013, 470447
List the prime factors of 564260419.
31, 53, 343433
What are the prime factors of 98356757?
98356757
List the prime factors of 145798232.
2, 18224779
What are the prime factors of 87155780?
2, 5, 107, 139, 293
What are the prime factors of 123784422?
2, 3, 1499, 13763
What are the prime factors of 2125594540?
2, 5, 79, 197, 6829
List the prime factors of 1912013813.
37, 83, 622603
What are the prime factors of 7342564266?
2, 3, 61, 613, 10909
List the prime factors of 156246257.
9649, 16193
List the prime factors of 89150434.
2, 593, 75169
What are the prime factors of 1297714438?
2, 5399, 120181
List the prime factors of 61966303.
7, 31, 285559
What are the prime factors of 467749458?
2, 3, 11, 17, 4211
What are the prime factors of 397679175?
3, 5, 29, 59, 1033
List the prime factors of 266940948.
2, 3, 83, 268013
What are the prime factors of 364704153?
3, 11, 37, 298693
List the prime factors of 5710824857.
5710824857
List the prime factors of 673090438.
2, 43, 1429, 5477
What are the prime factors of 58675652?
2, 7, 67, 31277
What are the prime factors of 162655583?
162655583
What are the prime factors of 135446937?
3, 45148979
List the prime factors of 97947882.
2, 3, 89, 61141
List the prime factors of 439788927.
3, 146596309
What are the prime factors of 105675465?
3, 5, 7, 1006433
What are the prime factors of 638243060?
2, 5, 7, 13, 19, 18457
List the prime factors of 160357952.
2, 137, 18289
What are the prime factors of 69473656?
2, 7, 83, 14947
List the prime factors of 24101121.
3, 11, 17, 42961
List the prime factors of 425116211.
13, 32701247
What are the prime factors of 2756931978?
2, 3, 459488663
What are the prime factors of 24619495?
5, 4923899
What are the prime factors of 62384116?
2, 15596029
What are the prime factors of 30546372?
2, 3, 67, 37993
List the prime factors of 468333535.
5, 93666707
What are the prime factors of 117502558?
2, 58751279
What are the prime factors of 422208736?
2, 17, 776119
What are the prime factors of 43085423?
43085423
What are the prime factors of 62589927?
3, 20863309
List the prime factors of 127603888.
2, 97, 82219
What are the prime factors of 31428482?
2, 31, 506911
List the prime factors of 514944845.
5, 102988969
List the prime factors of 162306752.
2, 17, 241, 619
List the prime factors of 45975470.
2, 5, 809, 5683
List the prime factors of 27627641.
37, 101, 7393
List the prime factors of 9546495.
3, 5, 7, 23, 59, 67
List the prime factors of 9371113758.
2, 3, 8353, 62327
List the prime factors of 17588895.
3, 5, 757, 1549
List the prime factors of 7384445045.
5, 599, 863, 2857
List the prime factors of 525416268.
2, 3, 13, 509
List the prime factors of 170381698.
2, 241, 353489
What are the prime factors of 441678526?
2, 29, 7615147
List the prime factors of 309885480.
2, 3, 5, 83, 3457
What are the prime factors of 151098344?
2, 1153, 16381
List the prime factors of 4546479379.
13, 29, 877, 13751
What are the prime factors of 10461363?
3, 11, 317011
List the prime factors of 259014113.
61, 277, 15329
What are the prime factors of 67759173?
3, 23, 37, 983
What are the prime factors of 162376893?
3, 7, 73, 3923
List the prime factors of 262928349.
3, 241, 13469
What are the prime factors of 366321384?
2, 3, 11, 13, 47, 757
List the prime factors of 62703176.
2, 7837897
What are the prime factors of 4656077510?
2, 5, 7, 79, 17183
What are the prime factors of 4947636654?
2, 3, 1103, 27689
List the prime factors of 972633110.
2, 5, 1097, 88663
List the prime factors of 68151216.
2, 3, 7, 43, 53, 89
List the prime factors of 116275219.
116275219
What are the prime factors of 67715497?
43, 151, 10429
What are the prime factors of 76709610?
2, 3, 5, 17, 181, 277
List the prime factors of 35973653.
35973653
List the prime factors of 35783131.
35783131
What are the prime factors of 487042470?
2, 3, 5, 37, 5417
What are the prime factors of 1455130688?
2, 11, 53, 59, 661
List the prime factors of 140123085.
3, 5, 359, 26021
What are the prime factors of 361315624?
2, 2459, 18367
What are the prime factors of 169411544?
2, 21176443
List the prime factors of 448239937.
109, 4112293
What are the prime factors of 2623638331?
20323, 129097
List the prime factors of 301162129.
29, 37, 280673
List the prime factors of 100957995.
3, 5, 83093
List the prime factors of 37978455.
3, 5, 137, 18481
What are the prime factors of 72839548?
2, 3257, 5591
What are the prime factors of 3415173769?
7, 71, 97, 